-5282, -a - 1126 - 986 = -2*y. Let r = y - 325. What is the hundreds digit of r?
7
What is the thousands digit of (2/(-126)*-9*6)/(1/7091)?
6
Suppose 623*h - 107484 = 1225*h - 615*h. What is the tens digit of h?
6
Let g(t) = -5*t - 14. Let y be g(-4). Suppose y*h - 187 = 17. Suppose 4*r - h - 82 = 0. What is the tens digit of r?
2
Suppose 0 = -2*i + 2*a - 32, i = -4*i + a - 64. What is the units digit of (-6)/18 - (-242)/i*-2?
0
What is the thousands digit of (-3)/21 - 221220/(-42)?
5
What is the tens digit of (-1827)/(-6)*(-2)/(-3)?
0
Let x = -41147 + 106120. What is the tens digit of x?
7
Suppose 61*b + 42 = 64*b. Let m = 2 + -3. What is the tens digit of (1 + b)/(m/(-5))?
7
Suppose 3*b = 7*b - 5*d + 20, 5*d = b + 20. Suppose -9*h + 3*h + 24 = b. Suppose -2*r - h*s + 18 = 0, 0*r = 5*r - s - 100. What is the units digit of r?
9
Let q(m) = -m**3 - 18*m**2 + 25*m + 108. Let z be q(-19). What is the units digit of (-4)/(28/(-4263)) + z?
3
Suppose -15*x - 15579 = -866994. What is the tens digit of x?
6
Let f be -4 + -2 + (-51)/(-3). Suppose f*a + 14004 = 23*a. What is the tens digit of a?
6
Let k = -82 + 87. Suppose 3 = -k*t + 28. Suppose r + t*l - 9 = -0*r, 141 = 4*r - l. What is the units digit of r?
4
Let m(x) = -x**3 - 2*x**2 - 5*x - 15. Let g be m(-5). Let n = 8 - 6. Suppose 0 = -3*l + n*z + z + 300, -l - 4*z = -g. What is the tens digit of l?
9
Suppose 6*v - 8*v = 6. Let u be (v/1)/(-3)*3*-1. What is the tens digit of (-2)/u + (-1519)/(-21)?
7
Let k = 31097 - 10828. What is the thousands digit of k?
0
Suppose -48*r = -1269 + 1077. Let d(y) = y - 1. Let x be d(1). Suppose x = 12*f - r*f - 1640. What is the units digit of f?
5
Let p be -2 + 5 + (4631 - -4). Suppose -3*s = 18*a - 19*a - p, 5*s = 4*a + 7730. What is the tens digit of s?
4
Suppose 7*n - 3*n = -x - 125, 0 = -4*x - n - 425. Let q = x + 382. What is the units digit of q?
7
Let z = -227 - -235. Suppose 5*y + 204 = z*y. What is the units digit of y?
8
What is the units digit of 4/(-8)*4/(-10)*(105447 - 42)?
1
Let v be 4265/(-17) - (-48)/(-408). Let o = v + 584. What is the hundreds digit of o?
3
Let g(c) = -854*c + 328. What is the tens digit of g(-24)?
2
What is the tens digit of (-6)/4*(-32)/12 - (514 - 74075)?
6
Let m(u) = -2*u**3 - 9*u**2 + u - 12. What is the tens digit of m(-6)?
9
Let c be (4/5)/((-4)/20). Suppose -6*t + 3*t = -4*w + 60, 0 = 5*t + 5*w + 65. What is the units digit of c*((-20)/t - 2)?
3
Let p be (-90)/(2/(-1)) - (14 - 17). Suppose 0 = -4*s + 8*s - 5*w + 33, 0 = -3*s - 4*w - p. What is the tens digit of (-3)/s - (-381)/12?
3
Let f(b) = 9619*b - 1381. What is the tens digit of f(4)?
9
Let y = 14 + -7. Let z = -4018 - -4020. Suppose -y*g = z*g - 963. What is the hundreds digit of g?
1
Let x(r) = 2*r**2 - 12*r - 3. Let l = 39 - 30. Let p be x(l). Suppose -4*w + 181 = -p. What is the tens digit of w?
5
Let x = 14060 - 3591. What is the ten thousands digit of x?
1
What is the hundreds digit of (116/14 + -8)/((-4)/(-271698))?
4
Suppose -8*g + 303 = -1. Suppose 2*s = -84 - g. Let c = 103 - s. What is the units digit of c?
4
Suppose 4*w + 26 - 2 = 0. Let f(i) = -183*i - 3. What is the units digit of f(w)?
5
Suppose 8 = -9*o + 11*o, 0 = -y + o + 19627. What is the tens digit of y?
3
Suppose -d + 2*b + 2464 + 2564 = 0, 4*d + b - 20076 = 0. What is the thousands digit of d?
5
Let v = -42980 - -61465. What is the ten thousands digit of v?
1
Let q(n) be the first derivative of -n**4/4 - 11*n**3/3 + 6*n**2 + 20*n - 15. Let t be q(-13). What is the units digit of (-23 - -27) + t/2?
5
Let m = -97885 + 153974. What is the ten thousands digit of m?
5
Suppose 0 = -2*h - 9*m + 6*m + 62, 0 = 3*h - 3*m - 63. What is the tens digit of -2*h/(-10) - -314?
1
Suppose 54*z - 33*z = 111300. What is the tens digit of z?
0
What is the tens digit of ((-40046)/5)/((-4)/(-5) - (-51 - -52))?
4
Suppose -5*x + 5*j + 2181 = 8*j, -2179 = -5*x - 2*j. Let u be 4/8 + (-31)/(-2). Suppose u*o - x = -3. What is the tens digit of o?
2
Suppose 0 = t + 6*q - q + 17, 5*t - 2*q = -112. Let p be (3 - 2)*-13*-2. Let i = p + t. What is the units digit of i?
4
Suppose 17*i + 1464905 = 77*i + 162245. What is the tens digit of i?
1
Suppose 36*x + 234 = 2*v + 40*x, -4*v = -5*x - 403. What is the tens digit of v?
0
Suppose -13*c = -53*v + 56*v - 269137, 3*v + 4*c = 269074. What is the units digit of v?
2
Let t(k) = -k**2 + 28*k - 15. Suppose -6*d + 550 = 4*d. Suppose 3*j + 9 = 0, 3*r - j = d - 16. What is the tens digit of t(r)?
7
Let p = -134 - -137. Let l(a) = -a**2 + a. Let h(s) = -7*s**2 + 13. Let m(q) = p*l(q) - h(q). What is the units digit of m(5)?
2
Suppose 0 = 7*b + 484 - 78. Let l = b - -60. Suppose 0 = -6*x + l*x + 112. What is the units digit of x?
8
Suppose -5*r + 725 = -2*c, 190 = -3*c + 3*r - 911. Let f = 603 + c. What is the tens digit of f?
3
Suppose 0 = -3*b - y + 63243, -2*b + 4*y - 22976 = -65138. What is the units digit of b?
1
Suppose 3*j + 4*d = -12, 2*d + 3*d + 15 = 4*j. Suppose 14*l - 10*l + 2*m - 1098 = j, -3*l = -m - 816. What is the hundreds digit of l?
2
Let r(p) = -20*p + 176. Let j be r(8). Suppose -j + 38 = 22*f. What is the units digit of f?
1
Let b = 34393 + -16669. What is the hundreds digit of b?
7
Let w = -9068 - -27186. What is the thousands digit of w?
8
Suppose -234*d = -173*d - 629154. What is the units digit of d?
4
Let u = -133 + 135. Suppose 47 = u*r - 291. What is the units digit of r?
9
Let a(l) = 428*l**2 - 10*l + 11. Let s(c) = -11*c + 1. Let d be s(0). What is the hundreds digit of a(d)?
4
Let p = 27538 - -20499. What is the thousands digit of p?
8
Suppose 0 = -7*t + 4380 + 2445. What is the units digit of 15943/15 + 130/t?
3
Let u = 15164 - 3835. What is the tens digit of u?
2
Let v(w) = 11336*w**2 - 3*w - 22. What is the units digit of v(2)?
6
Suppose 2*f = 3*p - 3, 0*p + 10 = -5*f + 5*p. Let d be 663/52*(-4)/f. Let v(o) = -o**3 + 18*o**2 - 16*o + 16. What is the tens digit of v(d)?
3
What is the thousands digit of (-12)/1 - (-10146 - 16)?
0
Suppose 445 = a - 161. What is the hundreds digit of a/5*(-330)/(-132)?
3
Let j = -19 + 23. Suppose 4*w - 2*w = f - 427, 2*f - 854 = -j*w. What is the tens digit of f?
2
Let r(t) = 3685*t**2 - 1. Let d be r(1). Let h = d + -1701. What is the units digit of 4/(-14) - h/(-7)?
3
Let f be (15/25)/((-3)/(-15)). What is the tens digit of (-4 + f)/(2/(-862))?
3
Suppose 4*d - 428 = -2*n, 3*n - 607 = -4*d + 5*d. Let h = n - -163. What is the tens digit of h?
6
Let y be 5/((0 - -1)/(-6)). Suppose -2*i + 18 - 32 = -4*u, 15 = -i + 4*u. What is the tens digit of ((-48)/30 - 0)/(i/y)?
4
Let a(m) = -30*m**2 - 7*m + 14. Let n be a(2). Let b = 344 + n. What is the hundreds digit of b?
2
Let p(i) = 944*i - 91. Let l(z) = 315*z - 31. Let m(h) = -17*l(h) + 6*p(h). What is the tens digit of m(3)?
0
Let x = 10726 + -5600. What is the hundreds digit of x?
1
Let a be (-186)/(-4)*20 - 10/(-2). What is the tens digit of 8 + (-6 - -7)*a?
4
Let u = 123 - 90. Let d = -51 + u. What is the tens digit of ((-2660)/d)/1 + (-12)/(-54)?
4
Suppose -4*c + 1703 = -3*f, -c - 29*f + 424 = -28*f. Let u = c - 101. What is the tens digit of u?
2
Let g(x) = 63*x + 220. Let b(z) = -31*z - 109. Let k(u) = -5*b(u) - 2*g(u). What is the thousands digit of k(35)?
1
Suppose 528 = 16*k - 15*k. Let t = k + -96. Suppose 0 = -6*q + 2*q + 4*y + t, 0 = -2*q - 4*y + 234. What is the hundreds digit of q?
1
Suppose 0 = 27*o - 46*o + 19. What is the hundreds digit of o*2/5 - 541348/(-380)?
4
Let m be (10/(-4))/(0 + (-1)/2). Suppose -b = 2*l - 317, -l = -4*b + m*b - 160. Suppose 4*k - l - 383 = 0. What is the hundreds digit of k?
1
Let s(c) = c**3 - 9*c**2 + 13*c - 19. Let l be s(8). Let v be (-129)/15 - l/(-35). What is the units digit of (-20)/(-80) - 398/v?
0
Suppose -30*d + 31*d + 4583 = 4*l, 3*d = 3*l - 3435. What is the hundreds digit of l?
1
Let c(y) = y**3 + 5*y**2 - 7*y - 4. Let g be 3/(-21) - 205/35. Let o be c(g). Suppose -3*p - w = -241, o*p + 4*w = 146 + 18. What is the tens digit of p?
8
Suppose 92 = 4*g - 60. Let m = g - 33. Suppose 0*n - m*n = -450. What is the units digit of n?
0
Let p be 5/(-15)*-1497 + -1. Let q = -2061 + 2895. Suppose 0 = -3*h + c + p, -q = -5*h + 4*c - c. What is the hundreds digit of h?
1
Let n be (-4)/12 - (-617592)/36. Suppose -14*m + n = -8661. Wh